2a3 + -2226?
-3509
In base 16, what is 1862 + 734d?
8baf
In base 5, what is -3100142 + 400?
-3044242
In base 14, what is -a - 951ac?
-951b8
In base 13, what is 5 + -31c2847?
-31c2842
In base 12, what is 406a + -3130?
b3a
In base 2, what is 11110111011 - 100100111100000010?
-100100011101000111
In base 14, what is 1b1 - -79a8?
7b79
In base 3, what is 2010121 + -210021?
1100100
In base 12, what is -b097 - -104aa?
1413
In base 12, what is 1699 - -234?
1911
In base 2, what is 100001001110111 - -10110110111?
100100000101110
In base 2, what is 10101000110110111110011100 + 100?
10101000110110111110100000
In base 12, what is 17b42 + -84?
17a7a
In base 5, what is -431022 - -143?
-430324
In base 6, what is 125 - -240050?
240215
In base 11, what is 4 - 1470694?
-1470690
In base 3, what is 20210001101202 - 11?
20210001101121
In base 7, what is -6122011 - -1105?
-6120603
In base 12, what is -12758a02 + 13?
-127589ab
In base 11, what is -1aa93 - -2768?
-18326
In base 10, what is -11 + -11641579?
-11641590
In base 5, what is 130 + -124404343?
-124404213
In base 2, what is 111100000001000001100110 - 1110?
111100000001000001011000
In base 2, what is 11010111001 + -110011001001100?
-101111110010011
In base 4, what is -3 + -1002311322131?
-1002311322200
In base 5, what is -2 + -22230314333?
-22230314340
In base 5, what is -242 + 243243234?
243242442
In base 11, what is 13645152 - 5?
13645148
In base 2, what is 10001010001100110110000000 - -1001?
10001010001100110110001001
In base 14, what is -3526002 - 2?
-3526004
In base 14, what is -2 + 2b1240d6?
2b1240d4
In base 13, what is 706 + -7291?
-6888
In base 4, what is 13 + -11013200102?
-11013200023
In base 3, what is -12 + -10001201220102021?
-10001201220102110
In base 8, what is -4573 - -102752?
76157
In base 3, what is 1000 - 122120012012?
-122120011012
In base 16, what is -56d71 + -e5?
-56e56
In base 13, what is 36638b + -17?
366374
In base 3, what is 1012220110120 + 1102?
1012220111222
In base 7, what is -1442141 - -4435?
-1434403
In base 16, what is -4c - -e3f01?
e3eb5
In base 14, what is b2906 + -37?
b28ad
In base 8, what is -114333 + -315?
-114650
In base 8, what is 11 + 1661635?
1661646
In base 2, what is -1010111 - 1000110111101010010111111?
-1000110111101010100010110
In base 14, what is 69 - 8904?
-8879
In base 7, what is -2 + -16162064?
-16162066
In base 8, what is -15171 - 532751?
-550142
In base 11, what is -137 + -a386?
-a512
In base 14, what is 8b2 - 97c5?
-8d13
In base 12, what is 3 - 43b7703?
-43b7700
In base 9, what is -455438 - -41?
-455387
In base 2, what is 100111010011010000011000 - -1001111?
100111010011010001100111
In base 9, what is 4 - -25082828?
25082833
In base 2, what is -1000010001 + 100110110101000?
100101110010111
In base 16, what is -3e - 451ed?
-4522b
In base 5, what is 33042 + -112432?
-24340
In base 11, what is -96 + 89294?
891a9
In base 5, what is 4434 + -3311342?
-3301403
In base 4, what is -3210122 - 12132000?
-22002122
In base 12, what is 1618 - 11252?
-b836
In base 7, what is -113 - 454510?
-454623
In base 2, what is 100011110010001011001000111110 + 10?
100011110010001011001001000000
In base 9, what is 1826517358 - -5?
1826517364
In base 8, what is 234 + 456634?
457070
In base 15, what is 7 + -211775?
-21176d
In base 2, what is 1001 - 1010000010111?
-1010000001110
In base 9, what is 32507 + -425?
32072
In base 14, what is -22 + -21606d?
-216091
In base 8, what is 1067261 - 15?
1067244
In base 14, what is 3 + -4a7988?
-4a7985
In base 7, what is -3446 - -121620?
115141
In base 12, what is 14208 + -277?
13b51
In base 9, what is 1 - 1326832?
-1326831
In base 3, what is 10 + -10112022120001200?
-10112022120001120
In base 10, what is 40683 - -144?
40827
In base 6, what is -4 + 10111543?
10111535
In base 12, what is -5 - 614507?
-614510
In base 8, what is 722156201 - 2?
722156177
In base 14, what is -7c - -18a19d?
18a121
In base 8, what is -415 + 145726?
145311
In base 5, what is 11410330404 - 10?
11410330344
In base 13, what is c405408 - 5?
c405403
In base 3, what is -110 + -2200002011?
-2200002121
In base 8, what is -454501 - -541?
-453740
In base 16, what is -f4cc2 + 21d?
-f4aa5
In base 6, what is -142 - -3425023?
3424441
In base 3, what is 102000 + 12021201210?
12022010210
In base 3, what is -11021 - 2022200122?
-2022211220
In base 2, what is 1111 + -100000101010100111100?
-100000101010100101101
In base 16, what is 5 - -57509?
5750e
In base 16, what is -43eb + 4ad9?
6ee
In base 4, what is 3302212 - 13331?
3222221
In base 5, what is -14443314 + 13041?
-14430223
In base 14, what is -3ba3 + -2d6?
-4099
In base 14, what is -34 - -a797c?
a7948
In base 6, what is 1035 - -33422331?
33423410
In base 11, what is -1326a80 + 202?
-1326879
In base 9, what is 176 - 345647?
-345461
In base 9, what is 4 - 36636800?
-36636785
In base 12, what is -371 + -1b075?
-1b426
In base 15, what is 2403e - 1a7?
23d87
In base 9, what is -4 - -367216?
367212
In base 16, what is -12c - 1a4d3?
-1a5ff
In base 4, what is -130 + 13030033320?
13030033130
In base 13, what is -2 + -119816?
-119818
In base 8, what is -707 + -57553?
-60462
In base 13, what is -8cbb1b - -4?
-8cbb17
In base 4, what is 310201221 + -3110?
310132111
In base 2, what is 1101 - -100011101010010010111?
100011101010010100100
In base 12, what is -19530b + a5?
-195226
In base 14, what is 3d + -3329c6?
-332987
In base 3, what is -100002220000 + -2221002?
-100012211002
In base 4, what is -23 - 20223233302?
-20223233331
In base 10, what is -38044 - 195?
-38239
In base 2, what is -1 + -110001100011011110000001?
-110001100011011110000010
In base 12, what is 142b6 + -18?
1429a
In base 7, what is 11624 - 425?
11166
In base 4, what is -10 - 2003002200100?
-2003002200110
In base 5, what is -112 + -111343142?
-111343304
In base 3, what is -12 - 12121120020200?
-12121120020212
In base 14, what is 12833933 - 3?
12833930
In base 5, what is 41144412 + -11441?
41132421
In base 8, what is 313753 - -274?
314247
In base 16, what is -9a3 - 5fd?
-fa0
In base 2, what is 101000101101100110 + 1000000?
101000101110100110
In base 5, what is 4 - 123333001042?
-123333001033
In base 11, what is -580114 - -8?
-580107
In base 11, what is -114779 - 6a6?
-115374
In base 5, what is 1 + -1421413342?
-1421413341
In base 6, what is 55503440003 - -1?
55503440004
In base 2, what is -11010110011100001111010100111 - -101?
-11010110011100001111010100010
In base 16, what is -9642 - 1ac?
-97ee
In base 11, what is -4 + -3229a705?
-3229a709
In base 16, what is 3c611de + -5?
3c611d9
In base 15, what is -139e - -691?
-c0d
In base 10, what is 5 + 1319297?
1319302
In base 13, what is 1c8bc5753 - 2?
1c8bc5751
In base 16, what is -10 - 24972d?
-24973d
In base 9, what is -3782 - 17088?
-21881
In base 9, what is -130556615 - 0?
-130556615
In base 12, what is -17 + 566629?
566612
In base 15, what is 8ce + -67c0c?
-6732d
In base 16, what is ebf88d4 - 1?
ebf88d3
In base 10, what is -2 + -55088174?
-55088176
In base 8, what is 12 + 220461624?
220461636
In base 7, what is 501254020 + 1?
501254021
In base 9, what is 2 + -11312011?
-11312008
In base 6, what is -353053 + 202?
-352451
In base 8, what is 4 - -2750474723?
2750474727
In base 14, what is -9 + -57a905d?
-57a9068
In base 9, what is -2204 - -123?
-2071
In base 15, what is 78895 - -b2?
78957
In base 15, what is -cbd20 - 32?
-cbd52
In base 7, what is -232153436 + 5?
-232153431
In base 6, what is -4 - -3215225345?
3215225341
In base 11, what is 12 - 499a63?
-499a51
In base 5, what is 14314 + -13440?
324
In base 15, what is -7a - -467988?
46790d
In base 6, what is -13 - -321510503?
321510450
In base 3, what is -1010021022012 - -201?
-1010021021111
In base 9, what is 5771 + -21364?
-14483
In base 11, what is -21a1a - -135?
-21895
In base 14, what is -1c0869 + -6?
-1c0871
In base 16, what is -397a0 - -28?
-39778
In base 13, what is 279735b3 - -4?
279735b7
In base 16, what is -96 - 15ad3?
-15b69
In base 7, what is 34036 - 41?
33665
In base 16, what is -835959 - -2?
-835957
In base 16, what is -299 + 71b57?
718be
In base 4, what is -13 - 33221012223?
-33221012302
In base 12, what is -419526aa + 4?
-419526a6
In base 10, what is 18 - 4320?
-4302
In base 15, what is -1c2d7d - 25?
-1c2da3
In base 9, what is -10580 + 32612?
22022
In base 10, what is -1132